{"id":835,"date":"2025-10-26T05:31:05","date_gmt":"2025-10-26T04:31:05","guid":{"rendered":"https:\/\/anamorphose.eu\/?page_id=835"},"modified":"2025-10-27T08:55:54","modified_gmt":"2025-10-27T07:55:54","slug":"informations-utiles","status":"publish","type":"page","link":"https:\/\/anamorphose.eu\/index.php\/informations-utiles\/","title":{"rendered":"Informations utiles."},"content":{"rendered":"\n<p class=\"has-large-font-size\">&#8212;<strong>Si vous souhaitez revenir sur le site Anamorphose il vous suffira de cliquer sur le logo anamorphose en haut, \u00e0 gauche de votre \u00e9cran<\/strong>.<\/p>\n\n\n\n<p class=\"has-large-font-size\">&#8212;<strong>Vous aimez lire, vous aimeriez \u00eatre lu, alors, allez sur le site Atramenta : <a href=\"https:\/\/www.atramenta.net\/\" target=\"_blank\" rel=\"noreferrer noopener\">https:\/\/www.atramenta.net\/<\/a> et l\u00e0, vous allez vous r\u00e9galer. Si vous voulez lire ce que j&rsquo;ai publi\u00e9 sur ce site, faites une recherche par auteur et saisissez Jacky FILS.<\/strong><\/p>\n\n\n\n<p class=\"has-large-font-size\">&#8212;<strong>Voici un site remarquable \u00e0 visiter absolument<\/strong>&nbsp;:&nbsp;<a href=\"https:\/\/agius.fr\/\" target=\"_blank\" rel=\"noreferrer noopener\">le site de Jean-Philippe AGIUS<\/a><\/p>\n\n\n\n<p class=\"has-large-font-size\">&#8212;<strong>Si vous aimez les voyages \u00e0 pied<\/strong>&nbsp;:&nbsp;<a href=\"https:\/\/www.elodiestephanevoyages.fr\/\" target=\"_blank\" rel=\"noreferrer noopener\">le site des voyages d\u2019Elodie et Stephane<\/a><\/p>\n\n\n\n<p><\/p>\n","protected":false},"excerpt":{"rendered":"<p>&#8212;Si vous souhaitez revenir sur le site Anamorphose il vous suffira de cliquer sur le logo anamorphose en haut, \u00e0 gauche de votre \u00e9cran. &#8212;Vous &hellip;<\/p>\n","protected":false},"author":1,"featured_media":0,"parent":0,"menu_order":0,"comment_status":"closed","ping_status":"closed","template":"","meta":{"ngg_post_thumbnail":0,"footnotes":""},"class_list":["post-835","page","type-page","status-publish","hentry"],"_links":{"self":[{"href":"https:\/\/anamorphose.eu\/index.php\/wp-json\/wp\/v2\/pages\/835","targetHints":{"allow":["GET"]}}],"collection":[{"href":"https:\/\/anamorphose.eu\/index.php\/wp-json\/wp\/v2\/pages"}],"about":[{"href":"https:\/\/anamorphose.eu\/index.php\/wp-json\/wp\/v2\/types\/page"}],"author":[{"embeddable":true,"href":"https:\/\/anamorphose.eu\/index.php\/wp-json\/wp\/v2\/users\/1"}],"replies":[{"embeddable":true,"href":"https:\/\/anamorphose.eu\/index.php\/wp-json\/wp\/v2\/comments?post=835"}],"version-history":[{"count":7,"href":"https:\/\/anamorphose.eu\/index.php\/wp-json\/wp\/v2\/pages\/835\/revisions"}],"predecessor-version":[{"id":908,"href":"https:\/\/anamorphose.eu\/index.php\/wp-json\/wp\/v2\/pages\/835\/revisions\/908"}],"wp:attachment":[{"href":"https:\/\/anamorphose.eu\/index.php\/wp-json\/wp\/v2\/media?parent=835"}],"curies":[{"name":"wp","href":"https:\/\/api.w.org\/{rel}","templated":true}]}}